usands digit of 20898?
0
What is the thousands digit of 65587?
5
What is the tens digit of 2417?
1
What is the hundreds digit of 29097?
0
What is the thousands digit of 72650?
2
What is the units digit of 95?
5
What is the units digit of 96633?
3
What is the tens digit of 2734?
3
What is the thousands digit of 135519?
5
What is the tens digit of 82479?
7
What is the tens digit of 147691?
9
What is the units digit of 483?
3
What is the thousands digit of 1025?
1
What is the units digit of 1230?
0
What is the tens digit of 38839?
3
What is the tens digit of 210?
1
What is the hundreds digit of 1010?
0
What is the tens digit of 907?
0
What is the thousands digit of 4198?
4
What is the units digit of 67008?
8
What is the ten thousands digit of 11822?
1
What is the hundreds digit of 6840?
8
What is the units digit of 45484?
4
What is the hundreds digit of 1147?
1
What is the ten thousands digit of 31746?
3
What is the tens digit of 1866?
6
What is the thousands digit of 1622?
1
What is the hundreds digit of 14708?
7
What is the hundreds digit of 9150?
1
What is the ten thousands digit of 23877?
2
What is the hundreds digit of 8733?
7
What is the hundreds digit of 955?
9
What is the tens digit of 867?
6
What is the hundreds digit of 5020?
0
What is the hundreds digit of 46357?
3
What is the tens digit of 89481?
8
What is the tens digit of 10?
1
What is the units digit of 283?
3
What is the hundreds digit of 80052?
0
What is the ten thousands digit of 64251?
6
What is the tens digit of 11653?
5
What is the hundreds digit of 91932?
9
What is the hundreds digit of 23420?
4
What is the units digit of 46751?
1
What is the thousands digit of 78610?
8
What is the tens digit of 70446?
4
What is the ten thousands digit of 35436?
3
What is the thousands digit of 1156?
1
What is the tens digit of 35159?
5
What is the thousands digit of 112451?
2
What is the thousands digit of 15459?
5
What is the units digit of 4818?
8
What is the units digit of 3014?
4
What is the thousands digit of 25405?
5
What is the hundreds digit of 153257?
2
What is the tens digit of 13648?
4
What is the tens digit of 5327?
2
What is the units digit of 499?
9
What is the hundreds digit of 1011?
0
What is the units digit of 40061?
1
What is the units digit of 35487?
7
What is the hundreds digit of 372?
3
What is the tens digit of 740?
4
What is the hundreds digit of 1909?
9
What is the thousands digit of 3485?
3
What is the tens digit of 648?
4
What is the thousands digit of 9307?
9
What is the hundreds digit of 3476?
4
What is the tens digit of 2551?
5
What is the thousands digit of 2304?
2
What is the thousands digit of 12261?
2
What is the units digit of 18142?
2
What is the thousands digit of 4438?
4
What is the thousands digit of 1252?
1
What is the thousands digit of 1685?
1
What is the tens digit of 3895?
9
What is the thousands digit of 102248?
2
What is the hundreds digit of 134?
1
What is the tens digit of 2736?
3
What is the hundreds digit of 4299?
2
What is the tens digit of 7303?
0
What is the hundreds digit of 30781?
7
What is the ten thousands digit of 12360?
1
What is the units digit of 100307?
7
What is the units digit of 17687?
7
What is the hundreds digit of 738?
7
What is the units digit of 3766?
6
What is the tens digit of 8326?
2
What is the hundreds digit of 70602?
6
What is the units digit of 6717?
7
What is the thousands digit of 2449?
2
What is the tens digit of 30802?
0
What is the ten thousands digit of 37766?
3
What is the tens digit of 444?
4
What is the units digit of 15138?
8
What is the ten thousands digit of 164382?
6
What is the hundreds digit of 2067?
0
What is the hundreds digit of 16298?
2
What is the thousands digit of 2075?
2
What is the ten thousands digit of 13955?
1
What is the units digit of 1162?
2
What is the hundreds digit of 253?
2
What is the units digit of 9452?
2
What is the hundred thousands digit of 134009?
1
What is the units digit of 1172?
2
What is the hundreds digit of 2827?
8
What is the tens digit of 162?
6
What is the hundreds digit of 263?
2
What is the hundreds digit of 35095?
0
What is the tens digit of 1169?
6
What is the units digit of 1411?
1
What is the hundreds digit of 6454?
4
What is the hundreds digit of 5649?
6
What is the units digit of 3097?
7
What is the units digit of 12848?
8
What is the tens digit of 879?
7
What is the hundreds digit of 15766?
7
What is the tens digit of 3473?
7
What is the tens digit of 40680?
8
What is the ten thousands digit of 10757?
1
What is the ten thousands digit of 17075?
1
What is the thousands digit of 4376?
4
What is the thousands digit of 2718?
2
What is the tens digit of 6299?
9
What is the hundreds digit of 2774?
7
What is the ten thousands digit of 10494?
1
What is the hundreds digit of 8054?
0
What is the thousands digit of 11746?
1
What is the hundreds digit of 29119?
1
What is the hundreds digit of 133?
1
What is the units digit of 39422?
2
What is the hundreds digit of 572?
5
What is the units digit of 588?
8
What is the tens digit of 172697?
9
What is the hundreds digit of 16553?
5
What is the tens digit of 5342?
4
What is the units digit of 12515?
5
What is the units digit of 18108?
8
What is the units digit of 6427?
7
What is the units digit of 6907?
7
What is the tens digit of 1765?
6
What is the hundreds digit of 1040?
0
What is the units digit of 34622?
2
What is the thousands digit of 3653?
3
What is the thousands digit of 31902?
1
What is the hundreds digit of 2781?
7
What is the thousands digit of 41728?
1
What is the units digit of 702?
2
What is the thousands digit of 9463?
9
What is the thousands digit of 2792?
2
What is the hundreds digit of 33814?
8
What is the tens digit of 845?
4
What is the tens digit of 2519?
1
What is the tens digit of 756?
5
What is the hundreds digit of 860?
8
What is the hundreds digit of 61012?
0
What is the tens digit of 601?
0
What is the units digit of 1306?
6
What is the units digit of 1375?
5
What is the hundreds digit of 912?
9
What is the thousands digit of 6375?
6
What is the hundreds digit of 1235?
2
What is the units digit of 12574?
4
What is the tens digit of 1715?
1
What is the thousands digit of 138800?
8
What is the tens digit of 17587?
8
What is the tens digit of 161?
6
What is the hundreds digit of 12042?
0
What is the thousands digit of 32394?
2
What is the units digit of 935?
5
What is the tens digit of 27807?
0
What is the units digit of 22832?
2
What is the ten thousands digit of 38896?
3
What is the tens digit of 4610?
1
What is the units digit of 54698?
8
What is the units digit of 40155?
5
What is the units digit of 1035?
5
What is the thousands digit of 2872?
2
What is the tens digit of 3638?
3
What is the thousands digit of 149571?
9
What is the tens digit of 2882?
8
What is the tens digit of 11143?
4
What is the thousands digit of 34962?
4
What is the hundreds digit of 5813?
8
What is the hundreds digit of 500?
5
What is the tens digit of 2918?
1
What is the tens digit of 2017?
1
What is the tens digit of 717?
1
What is the units digit of 72?
2
What is the hundreds digit of 276?
2
What is the units digit of 80938?
8
What is the tens digit of 518?
1
What is the thousands digit of 4802?
4
What is the units digit of 26?
6
What is the units digit of 15701?
1
What is the ten thousands digit of 18151?
1
What is the thousands digit of 3622?
3
What is the thousands digit of 13643?
3
What is the units digit of 582?
2
What is the units digit of 81838?
8
What is the ten thousands digit of 66259?
6
What is the thousands digit of 7686?
7
What is the hundreds digit of 1677?
6
What is the units digit of 1182?
2
What is the units digit of 16017?
7
What is the tens digit of 3418?
1
What is the tens digit of 769?
6
What is the hundreds digit of 16885?
8
What is the hundreds digit of 273?
2
What is the units digit of 5396?
6
What is the ten thousands digit of 25268?
2
What is the thousands digit of 1679?
1
What is the units digit of 70?
0
What is the hundreds digit of 107?
1
What is the thousands digit of 14494?
4
What is the ten thousands digit of 25739?
2
What is the tens digit of 1692?
9
What is the units digit of 2113?
3
What is the hundreds digit of 885?
8
What is the thousands digit of 27628?
7
What is the units digit